of 79?
True
Does 3594 divide 55958580?
True
Does 118 divide 436298156?
True
Is 868 a factor of 3851161?
False
Does 2 divide 920214568?
True
Is 2831 a factor of 237849296?
True
Is 1459 a factor of 20159003?
True
Does 14 divide 3163856477?
False
Does 234 divide 27478867?
False
Is 38 a factor of 81169787?
False
Is 37 a factor of 46295401?
False
Is 12581430 a multiple of 94?
True
Is 5853 a factor of 627937338?
False
Is 21024799 a multiple of 167?
True
Does 2934 divide 475052525?
False
Does 40 divide 275182626?
False
Is 52 a factor of 182205036?
True
Does 39 divide 53211077?
False
Is 2698384222 a multiple of 1286?
True
Is 336476450 a multiple of 5050?
True
Is 1845188300 a multiple of 1132?
True
Is 47 a factor of 842864395?
True
Is 81 a factor of 52143021?
True
Is 755663700 a multiple of 1650?
True
Is 3881 a factor of 6100734021?
False
Is 2046 a factor of 345217488?
True
Is 123359019 a multiple of 61?
True
Is 591213508 a multiple of 7?
False
Does 82 divide 16228367?
False
Is 40759340 a multiple of 188?
True
Is 319 a factor of 20234148?
False
Is 12 a factor of 323309076?
True
Is 13 a factor of 3944342883?
True
Is 58 a factor of 459840386?
False
Is 60 a factor of 48961740?
True
Does 575 divide 4363079928?
False
Does 334 divide 79427872?
True
Does 47 divide 84882503?
False
Does 7 divide 21191485?
True
Does 17710 divide 4067739585?
False
Does 736 divide 198567410?
False
Does 6 divide 94789892?
False
Does 825 divide 84282431?
False
Is 36 a factor of 157191660?
True
Is 4137 a factor of 3667511026?
False
Does 9 divide 17670348?
True
Does 3 divide 762203888?
False
Is 74699250 a multiple of 822?
True
Does 985 divide 25534172?
False
Does 1270 divide 81794350?
True
Is 10 a factor of 83566010?
True
Is 8 a factor of 242974033?
False
Is 2083 a factor of 72776434?
False
Is 55 a factor of 7528228?
False
Is 369881896 a multiple of 37?
True
Is 993872750 a multiple of 65?
True
Is 4601 a factor of 115068984?
False
Does 130 divide 35719060?
True
Is 535 a factor of 22925640?
False
Is 44312626 a multiple of 1163?
True
Is 22 a factor of 3881086?
True
Does 43 divide 107488261?
True
Is 4505773594 a multiple of 466?
False
Does 3 divide 15159774?
True
Is 847 a factor of 1486137730?
True
Is 528095568 a multiple of 203?
True
Does 37 divide 59067692?
False
Does 23 divide 675076595?
False
Is 71531803 a multiple of 7?
True
Does 1567 divide 43627609?
False
Does 206 divide 511672618?
False
Does 737 divide 252435029?
True
Does 20 divide 217877800?
True
Is 4386 a factor of 195707706?
True
Does 844 divide 12656624?
True
Is 7342530888 a multiple of 14644?
True
Is 13060280 a multiple of 20?
True
Is 95124887 a multiple of 5?
False
Is 26 a factor of 67796474?
False
Does 78 divide 47639345?
False
Is 2410302803 a multiple of 1526?
False
Is 5014152 a multiple of 78?
True
Is 21 a factor of 51361337?
False
Is 43 a factor of 758156607?
True
Does 2154 divide 945464174?
False
Does 161 divide 69972693?
True
Does 35 divide 9098800?
False
Is 174 a factor of 6414565332?
True
Does 919 divide 15368885?
False
Is 73 a factor of 1031438?
False
Does 5 divide 3151140?
True
Is 1000623676 a multiple of 3686?
True
Is 71 a factor of 5166315?
True
Is 29 a factor of 4873740?
True
Is 27 a factor of 293331338?
False
Does 205 divide 80254063?
False
Is 1734 a factor of 24107142?
False
Is 6 a factor of 17561655?
False
Is 221054574 a multiple of 129?
False
Does 5 divide 3786279?
False
Is 90900162 a multiple of 9?
True
Does 5 divide 17870040?
True
Is 22306720 a multiple of 139?
True
Is 568 a factor of 12644816?
True
Is 85066368 a multiple of 314?
True
Is 328 a factor of 97093904?
True
Does 7 divide 144722412?
False
Is 408013128 a multiple of 18?
True
Is 48 a factor of 6947330?
False
Does 6894 divide 734921082?
True
Is 82107721 a multiple of 32?
False
Is 841 a factor of 55918001?
False
Is 2221480 a multiple of 158?
True
Is 131095464 a multiple of 68?
False
Is 132 a factor of 40545297?
False
Is 1710540852 a multiple of 727?
True
Does 173 divide 329008371?
False
Does 349 divide 54554633?
True
Does 2885 divide 33844297?
False
Is 11429124 a multiple of 68?
False
Is 91676856 a multiple of 12?
True
Is 383864482 a multiple of 88?
False
Is 714777791 a multiple of 8739?
False
Does 7 divide 9712746?
False
Is 14 a factor of 952152292?
True
Does 1682 divide 14697316?
True
Is 4 a factor of 146560?
True
Is 44 a factor of 726474854?
False
Is 115157705 a multiple of 5?
True
Is 2636 a factor of 102508768?
True
Is 8850973 a multiple of 7?
False
Does 110 divide 722405261?
False
Is 120 a factor of 39055297?
False
Is 657353630 a multiple of 3?
False
Is 7 a factor of 31862008?
False
Does 53 divide 336434937?
True
Is 141793998 a multiple of 19?
True
Does 1113 divide 123327845?
False
Is 18302778 a multiple of 221?
True
Does 7 divide 10344646?
False
Is 17796512 a multiple of 16?
True
Is 32815714 a multiple of 2270?
False
Is 31888100 a multiple of 10?
True
Is 40 a factor of 25760220?
False
Is 18 a factor of 859634825?
False
Is 139 a factor of 3824736371?
True
Does 75 divide 5223936?
False
Does 50 divide 28674705?
False
Does 384 divide 364438272?
True
Does 3026 divide 107450234?
True
Does 66 divide 44937578?
False
Does 543 divide 30853260?
True
Is 150 a factor of 124046700?
True
Does 531 divide 7799912?
False
Is 221 a factor of 103315953?
True
Is 117800526 a multiple of 3062?
False
Does 3214 divide 5524187145?
False
Does 7766 divide 1207317892?
True
Is 48373253 a multiple of 92?
False
Is 19398126 a multiple of 1254?
True
Is 407751868 a multiple of 12?
False
Is 26476668 a multiple of 166?
True
Is 3319504740 a multiple of 324?
True
Does 4 divide 656413988?
True
Does 600 divide 46758826?
False
Is 255 a factor of 686693835?
True
Is 1211406628 a multiple of 597?
False
Is 9 a factor of 8504717?
False
Is 944108223 even?
False
Is 32031207 a multiple of 247?
True
Does 706 divide 97667307?
False
Does 18 divide 843681636?
True
Does 38 divide 35049840?
False
Is 210 a factor of 41418447?
False
Is 12 a factor of 17465584?
False
Does 36 divide 1157166266?
False
Does 26 divide 115530532?
True
Is 22 a factor of 177057122?
True
Is 4 a factor of 193094424?
True
Is 14 a factor of 32523780?
False
Does 66 divide 437154696?
True
Does 33 divide 240342399?
True
Is 8011600 a multiple of 5?
True
Is 225048627 a multiple of 110?
False
Does 8366 divide 106044011?
False
Does 166 divide 14388216?
True
Is 316670424 a multiple of 56?
True
Does 5026 divide 676118936?
False
Is 13 a factor of 805249?
False
Is 630 a factor of 72038610?
True
Is 34 a factor of 164921284?
True
Does 492 divide 72299573?
False
Is 37151473 a multiple of 279?
False
Is 12610810 a multiple of 1647?
False
Does 157 divide 545726317?
False
Is 69 a factor of 804365223?
True
Is 221683295 a multiple of 2604?
False
Does 32 divide 99612256?
True
Is 16 a factor of 2723171?
False
Does 519 divide 470127846?
True
Does 256 divide 1958221568?
True
Does 4 divide 385471?
False
Is 34894868 a multiple of 50?
False
Does 190 divide 1187827678?
False
Is 13306536 a multiple of 71?
True
Is 214 a factor of 8931453?
False
Is 181306281 a multiple of 69?
False
Is 85 a factor of 8431671?
False
Is 264 a factor of 43055857?
False
Does 3 divide 24176250?
True
Is 41 a factor of 514469350?
False
Does 1134 divide 340256042?
False
Is 2376562 a multiple of 1448?
False
Is 57 a factor of 40433193?
False
Does 229 divide 2044068427?
True
Is 93 a factor of 450784705?
False
Does 121 divide 42518795?
True
Is 49518226 a multiple of 201?
False
Does 30 divide 6546705?
False
Is 82330905 a multiple of 2895?
True
Does 1063 divide 621197425?
False
Is 12 a factor of 56697440?
False
Does 23 divide 305578184?
True
Does 713 divide 32625101?
False
Is 1693 a factor of 12641631?
True
Is 21 a factor of 12129814?
False
Is 97 a factor of 99861888?
True
Is 26499342 a multiple of 14?
False
Is 233 a factor of 37576786?
False
Is 1238 a factor of 126131807?
False
Is 11 a factor of 577087453?
False
Is 401723121 a multiple of 30?
False
Is 38165250 a multiple of 150?
True
Does 1437 divide 39015705?
False
Is 55976139 a multiple of 19?
False
Does 73 divide 2359230644?
True
Is 965038109 a multiple of 147?
False
Does 3 divide 21385205?
False
Does 17 divide 3959897395?
False
Is 4719276 a multiple of 18?
True
Is 19718248 a multiple of 11?
True
Does 24 divide 562600448?
False
Is 1